er?
False
Suppose 5*g = -k - 50181 + 157572, 2*k + 21487 = g. Is g a composite number?
True
Let h be (-1209)/(-5) + 2/10. Let r = -42 - h. Let x = 549 + r. Is x a prime number?
False
Suppose -12*l - 1780 = -10*l. Let z = l + 5751. Is z composite?
False
Let f(v) be the second derivative of -817*v**3/2 - 23*v**2/2 + 149*v. Is f(-6) composite?
False
Let t = 34378 - 16631. Is t composite?
False
Let u = 126 - 125. Is 1212750/135 + u/(-3) a composite number?
True
Is 4170/12*67/5*2 + -2 a prime number?
True
Let o be 10/55 - (-223616)/(-44). Let r = 7603 + o. Is r prime?
True
Suppose 20*b = 14*b - 6702. Let f = 249 + 1763. Let m = f + b. Is m composite?
True
Suppose -3*k = u + 2*k - 20, 12 = 4*u + 3*k. Suppose 3*m = m - 4*d - 12, u = -3*m + 3*d + 27. Is (0 + m)*65 + 3 prime?
True
Suppose -4*w - 7508 = -4*v, 0*v - 4*v = -w - 7508. Suppose 5518 + v = -3*z. Let i = -778 - z. Is i a prime number?
False
Let f(x) be the second derivative of x**5/20 - 19*x**4/12 - 11*x**3/3 + 17*x**2/2 - 9*x. Is f(21) a prime number?
False
Suppose -7*l = 105*l + 104*l - 304517448. Is l prime?
True
Let d(o) be the third derivative of 7*o**4/24 - o**3/2 + 24*o**2. Suppose 7*u - 80 = -u. Is d(u) a prime number?
True
Suppose -19560 = -5*y - y. Suppose -2*p - o - 729 = -y, 0 = 4*p + 4*o - 5072. Is p a composite number?
True
Suppose -9*g - 1 = -19. Let j be g/(-4) - 48/32. Is 179 + ((20/j)/2 - -3) prime?
False
Suppose -18 = -10*r + 12. Suppose 11*l + 11580 = r*i + 14*l, 5*l + 3872 = i. Is i prime?
False
Let n be (4 + 81/(-18))*6*-13. Suppose 20*q - n*q + 69521 = 0. Is q a composite number?
False
Let m(o) = -o + 33. Suppose -2*y + 5*y = 24. Suppose 0 = -y*h + 28 + 52. Is m(h) a prime number?
True
Let l be 21/(4 - 7)*1. Let u(h) be the second derivative of -h**5/10 + h**4/3 + 4*h**3/3 - 5*h**2/2 + 29*h. Is u(l) a prime number?
True
Suppose 0 = 132*o - 531021 - 2859927. Is o a prime number?
False
Let o(j) = -35113*j + 5949. Is o(-10) a composite number?
False
Let i(p) = -p + 777. Let a be (0/2 + -1)*(1 - 1). Let y be i(a). Let r = y - 58. Is r a composite number?
False
Let r(a) = 24*a**2 - a - 5. Let m be r(9). Is (m/(-30))/(2/(-138)) prime?
False
Let w(q) be the first derivative of -3/2*q**2 - 1/3*q**3 - 1847/4*q**4 + 16 - 2*q. Is w(-1) prime?
True
Suppose 3 = 5*y - 4*g - 5, 8 = -3*y - 4*g. Suppose y = 3*m + 34 - 31. Is 1 + -2 - -970 - (-1 + m) a prime number?
True
Let i be 12/(-27) + 12/27. Suppose i = x - 7781 + 2366. Let f = x + -2710. Is f composite?
True
Let g be 40/(-50) - (-2)/(-10) - -7. Suppose -8279 - 3929 = -4*s. Suppose g*h - 2390 = s. Is h a prime number?
True
Let o be 112/(12 - 5) + -7. Suppose 82242 = o*s - 54171. Is s prime?
False
Let n(p) = 42*p**2 + p + 4. Let l be n(4). Let i = l - 385. Let q = i + -186. Is q composite?
False
Suppose i - 3*f - 59576 = 0, 12*f - 14*f - 178763 = -3*i. Is i a composite number?
True
Let u(j) = 6*j**2 - 20*j + 8. Let d be u(4). Let i be ((-11480)/d)/((-1)/(-3)). Let z = -672 - i. Is z composite?
True
Let b = 82 + -80. Let r be b/(-6) + 11/33. Suppose r = -4*g + 1133 + 3243. Is g prime?
False
Let m be 6/14 + 75/21. Let t(d) = 28*d**3 + 2*d**2 + 9*d - 5. Let o be t(m). Suppose l + 4*l + 5*s = o, l - 2*s - 371 = 0. Is l a composite number?
True
Suppose l + 35751 = 4*q, -4*q + 5*q = 2*l + 8943. Suppose -15460 = -31*s + q. Is s composite?
False
Let j(l) = 2*l**2 - l - 111. Suppose -4*t + 181 - 309 = 0. Is j(t) composite?
True
Suppose -3*z + 36 - 24 = 0. Suppose 3*x = -2*p + 5390, z*x - 4*p - 4744 = 2436. Suppose -m - 397 + x = 0. Is m composite?
False
Let d(p) = 8575*p**2 + 89*p - 411. Is d(5) prime?
False
Suppose -11*u + 570647 = -0*u. Is u a composite number?
True
Suppose -27266369 = 91*p - 126*p + 9297116. Is p prime?
False
Let s(w) = -382231*w**3 + 10*w**2 + 13*w + 1. Is s(-1) prime?
True
Suppose -2842247 = -5*o - 3*y, -307*o + 5*y - 3410688 = -313*o. Is o prime?
True
Let t = 359 - 352. Suppose t*z = -646 + 9032. Is z prime?
False
Suppose 27*t = -5*j + 25*t + 488047, 2*t - 390440 = -4*j. Is j composite?
False
Let p(n) = n**2 + 32*n + 33. Let w be p(-31). Let s(k) = 69*k + 4. Let c be s(w). Suppose -c = -b + 325. Is b a prime number?
True
Suppose 0*j - 4 = -j. Let o(s) be the first derivative of 35*s**4/4 - 4*s**3/3 - 9*s**2/2 + 13*s - 3. Is o(j) prime?
True
Let s = 1895 - 889. Suppose 7*v + 496 = 9*v + 3*z, -4*v = -z - s. Is v composite?
False
Suppose -18 + 3 = -i. Let s(k) = -k + 40. Let l be s(i). Suppose 1201 + l = 2*o. Is o prime?
True
Suppose -38*l = -28*l - 290. Suppose 5*s = 4*z - 12627, -s + 3197 = z + l. Is z prime?
True
Let v be (-4)/16*0 + 404. Let p = v - 71. Suppose 3*r = 8832 - p. Is r a prime number?
True
Suppose -3*d = 4*g - 1478879, -2*d = 2*g - 1061205 + 75285. Is d a composite number?
True
Suppose -80623 = -32*w + 192913. Let o = w - 4926. Is o a prime number?
False
Let p = -83 - -55. Let i be 7/p - 58/(-8). Suppose -16*z + 423 = -i*z. Is z composite?
False
Let s(g) = -640757*g + 386. Is s(-1) a prime number?
True
Is (65374/(-1 + 0))/(-152 - -150) a composite number?
False
Let m(y) = -702*y - 53. Let o = 241 - 248. Is m(o) composite?
False
Let g be (5/4)/(43/(-48504)). Let b = g + 5189. Is b a composite number?
False
Suppose -5 - 7 = -4*b. Suppose 3*h - 8 = -5, 2*d - b*h - 6019 = 0. Is d prime?
True
Let j be (115/(-35) - -3) + 185/35. Suppose j*a + 3*h = 9916 + 9934, 3*a + 2*h = 11911. Is a a prime number?
True
Suppose -g = 2*r + 2 - 24, r - g = 11. Suppose -3*s - 4 + r = p, 4*s + 4*p = -4. Let x(h) = 24*h**2 + 6*h - 11. Is x(s) a prime number?
True
Let f = 197 - 197. Is -5 + (5 - (-1371 + f)) a prime number?
False
Let w(n) be the first derivative of n**4/4 - 10*n**3/3 + 12*n**2 + 23*n + 13. Is w(10) composite?
False
Let f = 95 + -92. Suppose -4*h - f*h = 0. Suppose -r = -2*z + 10226, -5113 = -z - 3*r - h*r. Is z a composite number?
False
Let b = -42810 + 75647. Is b a composite number?
True
Suppose p + 20 = 5*p. Suppose i + 0*m = -2*m + 812, -i + 803 = p*m. Is i composite?
True
Let k(x) = 12483*x - 623. Is k(48) a composite number?
True
Let y(r) = 60*r**3 + 3*r**2 - 2*r + 1. Let l be y(3). Suppose 0 = o + k - 965, l + 1263 = 3*o + k. Suppose a + a - o = 0. Is a a composite number?
True
Let n(j) = 301*j**2 + j + 387. Is n(22) prime?
True
Let m be 1870 - (-4 - -3 - -6). Suppose 50*s - m = 45*s. Is s a prime number?
True
Let u(t) = 6118*t - 3. Let o(b) = 12235*b - 7. Let s(r) = 6*o(r) - 13*u(r). Is s(-1) a composite number?
False
Suppose 0 = -5*j + 4*l + 166, 3*l = 3*j - 17 - 82. Suppose 2*h = -36*f + j*f + 13490, 5*f - 5*h - 33705 = 0. Is f prime?
False
Let d be 11/(231/(-98))*(-12)/7. Let r(i) = 20*i - 60*i - 75 + d*i - 47*i. Is r(-11) composite?
True
Let w(c) = 9*c - 3235 + 5*c**2 + c**2 + 3245. Is w(21) a composite number?
True
Let i(m) = -m**3 - 18*m - 11*m**2 - 4 + 6*m + 6 - 17. Let j be i(-10). Let b(c) = 101*c**2 - 12*c + 38. Is b(j) composite?
False
Let a(l) = 822*l + 81. Let j = 265 - 254. Is a(j) a composite number?
True
Let o(h) = -2*h + 1. Let f(v) = -2438*v - 4. Let j(x) = -f(x) + 3*o(x). Is j(17) a composite number?
False
Suppose -2*m + 82162 + 132081 = -84295. Is m a composite number?
False
Let b be (-1)/(-2) - (-10)/4. Suppose -19 + 7 = -4*h. Suppose b*l = -h*l + 846. Is l a prime number?
False
Let j be (28/(-70) - 8/5) + 159010. Suppose j = 37*d - 123931. Is d a prime number?
False
Suppose 3*g = -7*n + 602799, -3*n + 1 = 19. Is g a composite number?
True
Let d(c) = 105343*c + 8456. Is d(9) a prime number?
False
Let n = 613521 - 354422. Is n prime?
True
Suppose 0 = 7*g + 454 - 489. Suppose g*t + 7*f - 67304 = 4*f, 3*f + 13450 = t. Is t a composite number?
True
Let y(f) be the second derivative of 5*f**4/12 - 2*f**3 - 73*f**2 + 26*f - 2. Is y(15) composite?
True
Let z(j) = -j**2 - 7*j + 44. Let k be z(4). Suppose 0*c - 6*c + 61806 = k. Is c a composite number?
False
Is ((-3528441)/(-14))/3 + (-2)/(-4) a composite number?
False
Let k be 315/(-12) - 9/12. Let w = 62 - k. Let j = 222 - w. Is j prime?
False
Is (-2 + -41717)*-6 - 13 a prime number?
True
Is (-39)/468*-827367 + ((-1)/(-4))/(-1) composite?
False
Let q(d) = 904216*d - 7117. Is q(8) a composite number?
True
Let l = 21601 + 458260. Is l a composite number?
False
Suppose 303982 = -20*y + 1155962. Is y a prime number?
False
Let l(k) = 94*k**2 + 